ue
Does 521 divide 130840982?
False
Is 959 a factor of 8352972?
False
Is 113593914 a multiple of 6?
True
Does 351 divide 423389187?
True
Is 3560749426 a multiple of 26?
True
Is 224565617 a multiple of 2?
False
Is 10135645 a multiple of 95?
True
Is 430 a factor of 400127900?
True
Is 16316646 a multiple of 376?
False
Is 662577920 a multiple of 1691?
False
Is 13 a factor of 32406443?
False
Is 749754439 a multiple of 49?
True
Is 158580289 a multiple of 516?
False
Is 7 a factor of 408394?
True
Does 370 divide 111033899?
False
Does 8 divide 1495633464?
True
Is 382 a factor of 4705712?
False
Is 112 a factor of 1699346768?
True
Is 19 a factor of 358693568?
False
Does 3045 divide 1524838560?
True
Is 1414503684 a multiple of 7604?
True
Does 4 divide 6406592?
True
Is 1815903030 a multiple of 64?
False
Is 1119 a factor of 48803135?
False
Does 87 divide 83173480?
False
Does 45 divide 37085173?
False
Is 24129739 a multiple of 14?
False
Does 663 divide 23733164?
False
Is 3451 a factor of 307124093?
False
Does 16 divide 175093905?
False
Is 388 a factor of 883679009?
False
Is 1194 a factor of 417102408?
True
Is 6330110150 a multiple of 10?
True
Is 6848422 a multiple of 292?
False
Does 23 divide 293854911?
False
Does 90 divide 3004432560?
True
Does 419 divide 1019439262?
False
Is 245955490 a multiple of 11?
True
Does 61 divide 81378758?
True
Does 118 divide 163858799?
False
Is 163 a factor of 60026191?
False
Does 31 divide 353648070?
False
Is 1175 a factor of 187452?
False
Does 14 divide 244849999?
False
Is 159 a factor of 14953395?
False
Is 5770339623 a multiple of 143?
False
Does 63 divide 165553505?
False
Does 70 divide 6122460293?
False
Does 181 divide 256116629?
True
Is 147 a factor of 1737769524?
False
Is 25516890 a multiple of 35?
True
Is 1805 a factor of 1256511040?
True
Does 19 divide 31666919?
False
Does 19 divide 19195111?
True
Is 1017865364 a multiple of 21?
False
Is 77444294 a multiple of 6?
False
Does 2 divide 113751267?
False
Is 24 a factor of 436483560?
True
Does 45 divide 166108815?
True
Does 8 divide 11218900?
False
Is 1369015794 a multiple of 426?
False
Does 242 divide 9799306?
True
Is 448 a factor of 195328444?
False
Is 189 a factor of 58835322?
True
Does 251 divide 150948639?
True
Is 123980328 a multiple of 108?
True
Is 1188 a factor of 554896980?
True
Is 11837703 a multiple of 150?
False
Is 36896755 a multiple of 647?
False
Is 41645276 a multiple of 114?
False
Is 16290105 a multiple of 13?
True
Does 35 divide 3484655160?
True
Is 19 a factor of 59394?
True
Is 1694471718 a multiple of 62?
True
Does 205 divide 1593690230?
False
Does 7 divide 520750389?
False
Is 150895505 a multiple of 265?
True
Is 257 a factor of 62943926?
True
Does 1119 divide 108647067?
True
Does 54 divide 2194668584?
False
Is 12901812 a multiple of 12?
True
Is 2042986305 a multiple of 15?
True
Is 248 a factor of 16501176?
True
Does 3 divide 219709579?
False
Is 93844168 a multiple of 639?
False
Is 1003 a factor of 7997475?
False
Does 491 divide 13401176?
False
Is 131412086 a multiple of 1108?
False
Does 38 divide 2456254260?
True
Is 1033 a factor of 50211031?
True
Does 13 divide 6429163?
True
Does 159 divide 122660860?
False
Is 273 a factor of 4099786273?
False
Is 2743 a factor of 32891313?
True
Is 14829 a factor of 4187042295?
True
Is 420 a factor of 2039345090?
False
Is 2039529 a multiple of 2221?
False
Is 5232978 a multiple of 27?
True
Is 27 a factor of 558363813?
False
Is 684 a factor of 40705274?
False
Does 65 divide 833946880?
True
Is 7597113 a multiple of 51?
True
Is 2442136796 a multiple of 14486?
True
Is 414 a factor of 1980326358?
True
Is 27995305 a multiple of 50?
False
Is 85 a factor of 217007125?
True
Is 7236519 a multiple of 138?
False
Is 25 a factor of 155072673?
False
Is 54 a factor of 3682746?
True
Is 97440795 a multiple of 1665?
True
Is 47038395 a multiple of 285?
True
Is 20 a factor of 7773469321?
False
Does 40 divide 50542120?
True
Is 689749660 a multiple of 1528?
False
Does 2317 divide 190873859?
False
Does 2317 divide 1025457860?
True
Is 6407079 a multiple of 855?
False
Is 9 a factor of 104150297?
False
Is 161547940 a multiple of 372?
False
Is 3682845 a multiple of 1835?
True
Does 29 divide 439184562?
False
Is 3292253 a multiple of 133?
False
Does 22 divide 2446370080?
True
Does 61 divide 688547687?
True
Does 3570 divide 852308940?
True
Is 60613497 a multiple of 983?
False
Is 386 a factor of 23559053?
False
Is 178 a factor of 44077202?
False
Is 22109878 a multiple of 8?
False
Does 22 divide 167956253?
False
Is 19207496 a multiple of 684?
False
Does 8 divide 44870376?
True
Does 123 divide 1354290024?
True
Is 521325 a multiple of 75?
True
Does 28 divide 2960107?
False
Does 4 divide 70665172?
True
Is 1147496472 a multiple of 22?
False
Does 24 divide 910868536?
False
Does 4324 divide 457647836?
True
Does 12 divide 9030657?
False
Is 49454820 a multiple of 60?
True
Does 736 divide 28530304?
True
Does 18 divide 6556254?
False
Is 108 a factor of 2322648?
True
Is 760 a factor of 31380400?
True
Is 1109 a factor of 22113314?
False
Is 330114840 a multiple of 49?
False
Is 35 a factor of 28282664?
False
Is 23 a factor of 475847?
True
Does 93 divide 251770971?
False
Is 278973312 a multiple of 1212?
True
Does 12 divide 1228853772?
True
Is 227628520 a multiple of 686?
True
Is 200 a factor of 41806027?
False
Is 135562779 a multiple of 16?
False
Does 50 divide 108183800?
True
Does 2 divide 222306553?
False
Is 4473 a factor of 1019261152?
False
Is 344 a factor of 119530565?
False
Does 20 divide 148373100?
True
Is 212418103 a multiple of 426?
False
Is 6830006 a multiple of 3?
False
Is 1924 a factor of 516001408?
True
Is 161755930 a multiple of 38?
True
Does 45 divide 215820302?
False
Is 1132025 a multiple of 14?
False
Is 275768411 a multiple of 5197?
True
Is 161013152 a multiple of 18?
False
Does 10 divide 167724381?
False
Is 1035 a factor of 439183620?
True
Is 3860 a factor of 63174926?
False
Is 460 a factor of 226819560?
True
Is 227813116 a multiple of 38?
True
Does 5 divide 23130860?
True
Is 4966 a factor of 401251275?
False
Is 2856 a factor of 106860096?
True
Is 125 a factor of 11241800?
False
Is 207 a factor of 11866985?
False
Is 535724138 a multiple of 20?
False
Does 24 divide 18100655?
False
Is 144333978 a multiple of 60?
False
Is 43 a factor of 731675563?
False
Is 3 a factor of 11485844?
False
Is 26 a factor of 380848?
True
Does 20 divide 23272440?
True
Is 1128207 a multiple of 319?
False
Is 580307664 a multiple of 370?
False
Is 2908748 a multiple of 10?
False
Is 198 a factor of 12077789?
False
Is 9 a factor of 122614907?
False
Is 62940829 a multiple of 29?
False
Does 17 divide 55061101?
False
Does 52 divide 9392426?
False
Is 485 a factor of 17004594?
False
Is 472 a factor of 1771888?
True
Is 84 a factor of 336911944?
False
Is 25395020 a multiple of 266?
True
Is 1527944418 a multiple of 8073?
True
Is 11292070 a multiple of 274?
False
Does 41 divide 1567191963?
False
Does 12 divide 388994976?
True
Is 172456832 a multiple of 92?
False
Is 36 a factor of 3084207?
False
Is 175921736 a multiple of 563?
True
Does 423 divide 319301550?
True
Is 1277480138 a multiple of 1462?
False
Does 10 divide 3724693039?
False
Is 125 a factor of 460145319?
False
Is 9847320 a multiple of 699?
False
Does 281 divide 1696557?
False
Does 18 divide 280212588?
True
Is 6 a factor of 21487820?
False
Is 17 a factor of 875404001?
True
Is 11 a factor of 66118522?
False
Is 325 a factor of 7648550?
True
Does 36 divide 2355414669?
False
Does 1233 divide 863779845?
False
Does 2352 divide 24700704?
True
Is 22 a factor of 57248586?
False
Does 9 divide 255849487?
False
Is 205 a factor of 218025090?
False
Does 405 divide 70724340?
True
Does 151 divide 45241110?
True
Is 6197 a factor of 132349329?
True
Is 43269006 a multiple of 1111?
True
Is 204473923 a multiple of 30?
False
Is 6389 a factor of 2383741819?
False
Is 13 a factor of 8383791?
True
Does 800 divide 357883755?
False
Does 25 divide 82198278?
False
Does 1635 divide 304349688?
False
Is 7 a factor of 3438373528?
False
Is 66803758 a multiple of 71?
True
Is 54818148 a multiple of 22?
True
Is 202 a factor of 439400904?
True
Is 76271622 a multiple of 51?
True
Is 217 a factor of 322504532?
True
Is 41690195 a multiple of 31?
True
Is 21 a factor of 12741